{"id":217,"date":"2018-08-08T16:22:29","date_gmt":"2018-08-08T16:22:29","guid":{"rendered":"http:\/\/xn--schtzenverein-thalheim-ulc.de\/?page_id=217"},"modified":"2018-09-06T12:36:16","modified_gmt":"2018-09-06T12:36:16","slug":"verein","status":"publish","type":"page","link":"https:\/\/xn--schtzenverein-thalheim-ulc.de\/?page_id=217","title":{"rendered":"Verein"},"content":{"rendered":"<h6>In eigener Sache:<\/h6>\n<h6>Wenn ihr Nachbar ein Sportsch\u00fctze ist, dann<\/h6>\n<ul>\n<li>\u00a0 \u2026ist er mindestens 18 oder gar 25 Jahre alt<\/li>\n<\/ul>\n<ul>\n<li>\u00a0\u2026ist er voll gesch\u00e4ftsf\u00e4hig<\/li>\n<\/ul>\n<ul>\n<li>\u00a0\u2026wurde sein gro\u00dfer Strafregisterauszug von der waffenrechtlichen Beh\u00f6rde \u00fcberpr\u00fcft und ist \u201csauber\u201d \u2013 und das bevor er die erste Waffe oder Munition anschaffen durfte. Diese \u00dcberpr\u00fcfung wird regelm\u00e4ssig wiederholt<\/li>\n<\/ul>\n<ul>\n<li>\u00a0\u2026hat er sicher keine Trunkenheitsfahrt oder mehrfache Ordnungswidrigkeiten begangen (und wird dies auch nicht tun)<\/li>\n<\/ul>\n<ul>\n<li>\u00a0\u2026musste er sich vor einer Kauferlaubnis durch die waffenrechtliche Beh\u00f6rde einen zugelassenen und genormten Waffenschrank anschaffen und gegen\u00fcber der Beh\u00f6rde nachweisen<\/li>\n<\/ul>\n<ul>\n<li>\u00a0\u2026musste er evtl. eine Haftpflichtversicherung nachweisen<\/li>\n<\/ul>\n<ul>\n<li>\u00a0\u2026mu\u00df er mindestens ein Jahr Mitglied in einem staatlich anerkannten Schie\u00dfsportverband sein<\/li>\n<\/ul>\n<ul>\n<li>\u00a0\u2026mu\u00df er regelm\u00e4\u00dfig und nachpr\u00fcfbar \u00fcber die gesamte Dauer trainieren(also ein Bed\u00fcrfnis f\u00fcr seine Waffe besitzen)<\/li>\n<\/ul>\n<ul>\n<li>\u00a0\u2026hat er eine Pr\u00fcfung in Theorie und Praxis \u00fcber Gesetze, Technik und Handhabung mit Waffen ablegen m\u00fcssen (Waffensachkundepr\u00fcfung)<\/li>\n<\/ul>\n<ul>\n<li>\u00a0\u2026musste er f\u00fcr jede einzelne Sportwaffe einen Antrag stellen und zwar bei dem Schie\u00dfsportverein bzw. Schie\u00dfsportverband und der waffenrechtlichen Beh\u00f6rde<\/li>\n<\/ul>\n<ul>\n<li>\u2026musste er auch f\u00fcr den Kauf jeder einzelnen Munitionssorte einen Antrag stellen und zwar bei dem\u00a0 Schie\u00dfsportverein bzw. Schie\u00dfsportverband und der waffenrechtlichen Beh\u00f6rde<\/li>\n<\/ul>\n<ul>\n<li>\u00a0\u2026ist jede seiner Waffen bei der waffenrechtlichen Beh\u00f6rde mit Seriennummer und Datum registriert<\/li>\n<\/ul>\n<ul>\n<li>\u00a0\u2026hat er f\u00fcr alle Pr\u00fcfungen und Genehmigungen bereits \u00fcber\u00a0 500,-EUR ausgegeben, bevor er \u00fcberhaupt die Erlaubnis bekam eine Sportwaffe anschaffen zu d\u00fcrfen<\/li>\n<\/ul>\n<ul>\n<li>\u00a0\u2026w\u00fcrde er alle Waffen sofort abgeben m\u00fcssen, wenn er schon im geringsten Umfang mit dem Gesetz in Konflikt kommt<\/li>\n<\/ul>\n<p><strong>Wenn ihr Nachbar also ein Sportsch\u00fctze ist, k\u00f6nnen sie sicher sein, da\u00df neben ihnen einer der bestm\u00f6glich \u00fcberpr\u00fcften und gesetzestreuesten sowie verantwortungsvollsten Menschen wohnt!<\/strong><\/p>\n<p>Quelle: http:\/\/recentr.com\/2012\/12\/19\/wenn-ihr-deutscher-nachbar-sportschutze-ist-dann\/<\/p>\n","protected":false},"excerpt":{"rendered":"<p>In eigener Sache: Wenn ihr Nachbar ein Sportsch\u00fctze ist, dann \u00a0 \u2026ist er mindestens 18 oder gar 25 Jahre alt<\/p>\n","protected":false},"author":1,"featured_media":0,"parent":0,"menu_order":0,"comment_status":"closed","ping_status":"closed","template":"","meta":{"colormag_page_container_layout":"default_layout","colormag_page_sidebar_layout":"default_layout","footnotes":""},"class_list":["post-217","page","type-page","status-publish","hentry"],"_links":{"self":[{"href":"https:\/\/xn--schtzenverein-thalheim-ulc.de\/index.php?rest_route=\/wp\/v2\/pages\/217","targetHints":{"allow":["GET"]}}],"collection":[{"href":"https:\/\/xn--schtzenverein-thalheim-ulc.de\/index.php?rest_route=\/wp\/v2\/pages"}],"about":[{"href":"https:\/\/xn--schtzenverein-thalheim-ulc.de\/index.php?rest_route=\/wp\/v2\/types\/page"}],"author":[{"embeddable":true,"href":"https:\/\/xn--schtzenverein-thalheim-ulc.de\/index.php?rest_route=\/wp\/v2\/users\/1"}],"replies":[{"embeddable":true,"href":"https:\/\/xn--schtzenverein-thalheim-ulc.de\/index.php?rest_route=%2Fwp%2Fv2%2Fcomments&post=217"}],"version-history":[{"count":5,"href":"https:\/\/xn--schtzenverein-thalheim-ulc.de\/index.php?rest_route=\/wp\/v2\/pages\/217\/revisions"}],"predecessor-version":[{"id":417,"href":"https:\/\/xn--schtzenverein-thalheim-ulc.de\/index.php?rest_route=\/wp\/v2\/pages\/217\/revisions\/417"}],"wp:attachment":[{"href":"https:\/\/xn--schtzenverein-thalheim-ulc.de\/index.php?rest_route=%2Fwp%2Fv2%2Fmedia&parent=217"}],"curies":[{"name":"wp","href":"https:\/\/api.w.org\/{rel}","templated":true}]}}