{"id":199,"date":"2018-08-08T16:16:45","date_gmt":"2018-08-08T16:16:45","guid":{"rendered":"http:\/\/xn--schtzenverein-thalheim-ulc.de\/?page_id=199"},"modified":"2018-08-11T13:09:04","modified_gmt":"2018-08-11T13:09:04","slug":"luftgewehr","status":"publish","type":"page","link":"https:\/\/xn--schtzenverein-thalheim-ulc.de\/?page_id=199","title":{"rendered":"Luftgewehr"},"content":{"rendered":"<h3>Das Luftgewehr ( 10 m )<\/h3>\n<p><img loading=\"lazy\" decoding=\"async\" class=\"alignnone  wp-image-329\" src=\"https:\/\/xn--schtzenverein-thalheim-ulc.de\/wp-content\/uploads\/2018\/08\/MG_2160-300x200.jpg\" alt=\"\" width=\"611\" height=\"407\" srcset=\"https:\/\/xn--schtzenverein-thalheim-ulc.de\/wp-content\/uploads\/2018\/08\/MG_2160-300x200.jpg 300w, https:\/\/xn--schtzenverein-thalheim-ulc.de\/wp-content\/uploads\/2018\/08\/MG_2160-768x512.jpg 768w, https:\/\/xn--schtzenverein-thalheim-ulc.de\/wp-content\/uploads\/2018\/08\/MG_2160-1024x683.jpg 1024w\" sizes=\"auto, (max-width: 611px) 100vw, 611px\" \/><\/p>\n<p>&nbsp;<\/p>\n<p>Bei der Waffe handelt es sich um ein Luftdruckgewehr oder CO2-Gewehr Kaliber 4,5 mm mit einem H\u00f6chstgewicht von 5,5 kg.<\/p>\n<p>Als Munition werden handels\u00fcbliche Geschosse (Diabolo) im Kaliber von maximal 4,5mm verwendet.<\/p>\n<p>Der Anschlag ist stehend freih\u00e4ndig, wobei der Sch\u00fctze v\u00f6llig frei ( ohne Anlehnung und k\u00fcnstliche St\u00fctze ) stehen muss.<\/p>\n<p>Geschossen werden folgende Programme: a) Stehendwettbewerbe: 20 Schuss in 40 Minuten (Sch\u00fclerklasse), 40 Schuss in 75 Minuten (alle \u00fcbrigen Klasse) und 60 Schuss in 105 Minuten (nur bei Meisterschaften) inkl. Probesch\u00fcsse b) Zus\u00e4tzlicher Wettbewerb Dreistellungskampf: f\u00fcr Sch\u00fcler 30 Schuss in 75 Minuten und f\u00fcr Jugend und Junioren 60 Schuss in 120 Minuten in den Positionen liegend, stehend und kniend.<img loading=\"lazy\" decoding=\"async\" class=\"alignnone  wp-image-328\" src=\"https:\/\/xn--schtzenverein-thalheim-ulc.de\/wp-content\/uploads\/2018\/08\/MG_2158-300x200.jpg\" alt=\"\" width=\"611\" height=\"407\" srcset=\"https:\/\/xn--schtzenverein-thalheim-ulc.de\/wp-content\/uploads\/2018\/08\/MG_2158-300x200.jpg 300w, https:\/\/xn--schtzenverein-thalheim-ulc.de\/wp-content\/uploads\/2018\/08\/MG_2158-768x512.jpg 768w, https:\/\/xn--schtzenverein-thalheim-ulc.de\/wp-content\/uploads\/2018\/08\/MG_2158-1024x683.jpg 1024w\" sizes=\"auto, (max-width: 611px) 100vw, 611px\" \/><\/p>\n","protected":false},"excerpt":{"rendered":"<p>Das Luftgewehr ( 10 m ) &nbsp; Bei der Waffe handelt es sich um ein Luftdruckgewehr oder CO2-Gewehr Kaliber 4,5<\/p>\n","protected":false},"author":1,"featured_media":0,"parent":0,"menu_order":0,"comment_status":"closed","ping_status":"closed","template":"","meta":{"colormag_page_container_layout":"default_layout","colormag_page_sidebar_layout":"default_layout","footnotes":""},"class_list":["post-199","page","type-page","status-publish","hentry"],"_links":{"self":[{"href":"https:\/\/xn--schtzenverein-thalheim-ulc.de\/index.php?rest_route=\/wp\/v2\/pages\/199","targetHints":{"allow":["GET"]}}],"collection":[{"href":"https:\/\/xn--schtzenverein-thalheim-ulc.de\/index.php?rest_route=\/wp\/v2\/pages"}],"about":[{"href":"https:\/\/xn--schtzenverein-thalheim-ulc.de\/index.php?rest_route=\/wp\/v2\/types\/page"}],"author":[{"embeddable":true,"href":"https:\/\/xn--schtzenverein-thalheim-ulc.de\/index.php?rest_route=\/wp\/v2\/users\/1"}],"replies":[{"embeddable":true,"href":"https:\/\/xn--schtzenverein-thalheim-ulc.de\/index.php?rest_route=%2Fwp%2Fv2%2Fcomments&post=199"}],"version-history":[{"count":4,"href":"https:\/\/xn--schtzenverein-thalheim-ulc.de\/index.php?rest_route=\/wp\/v2\/pages\/199\/revisions"}],"predecessor-version":[{"id":352,"href":"https:\/\/xn--schtzenverein-thalheim-ulc.de\/index.php?rest_route=\/wp\/v2\/pages\/199\/revisions\/352"}],"wp:attachment":[{"href":"https:\/\/xn--schtzenverein-thalheim-ulc.de\/index.php?rest_route=%2Fwp%2Fv2%2Fmedia&parent=199"}],"curies":[{"name":"wp","href":"https:\/\/api.w.org\/{rel}","templated":true}]}}